{"id":130,"date":"2019-05-21T09:04:12","date_gmt":"2019-05-21T09:04:12","guid":{"rendered":"https:\/\/wesley.hu\/wesley-college\/?page_id=130"},"modified":"2025-07-10T22:17:21","modified_gmt":"2025-07-10T20:17:21","slug":"department-of-environmental-security","status":"publish","type":"page","link":"https:\/\/wesley.hu\/wesley-college\/departments\/department-of-environmental-security\/","title":{"rendered":"Environmental Security"},"content":{"rendered":"<p>[et_pb_section fb_built=&#8221;1&#8243; custom_padding_last_edited=&#8221;on|phone&#8221; admin_label=&#8221;Header&#8221; _builder_version=&#8221;4.25.1&#8243; background_image=&#8221;https:\/\/wesley.hu\/wesley-college\/wp-content\/uploads\/2025\/07\/2151262659.jpg&#8221; custom_padding=&#8221;110px||110px||true|false&#8221; custom_padding_tablet=&#8221;140px|0px|50px|0px|false|false&#8221; custom_padding_phone=&#8221;120px|||&#8221; hover_enabled=&#8221;0&#8243; global_colors_info=&#8221;{}&#8221; title_text=&#8221;2151262659&#8243; sticky_enabled=&#8221;0&#8243;][et_pb_row _builder_version=&#8221;4.16&#8243; background_size=&#8221;initial&#8221; background_position=&#8221;top_left&#8221; background_repeat=&#8221;repeat&#8221; max_width=&#8221;1280px&#8221; use_custom_width=&#8221;on&#8221; custom_width_px=&#8221;1280px&#8221; global_colors_info=&#8221;{}&#8221;][et_pb_column type=&#8221;4_4&#8243; _builder_version=&#8221;4.16&#8243; custom_padding=&#8221;|||&#8221; global_colors_info=&#8221;{}&#8221; custom_padding__hover=&#8221;|||&#8221;][et_pb_text _builder_version=&#8221;4.16&#8243; _dynamic_attributes=&#8221;content&#8221; text_font=&#8221;|700||on|||||&#8221; text_text_color=&#8221;#ffffff&#8221; text_font_size=&#8221;40px&#8221; text_line_height=&#8221;2em&#8221; header_font=&#8221;EB Garamond||||||||&#8221; header_font_size=&#8221;60px&#8221; header_line_height=&#8221;1.3em&#8221; header_2_font=&#8221;||||||||&#8221; text_orientation=&#8221;center&#8221; max_width=&#8221;600px&#8221; module_alignment=&#8221;center&#8221; text_font_size_tablet=&#8221;&#8221; text_font_size_phone=&#8221;26px&#8221; text_font_size_last_edited=&#8221;on|desktop&#8221; text_line_height_tablet=&#8221;&#8221; text_line_height_phone=&#8221;1.6em&#8221; text_line_height_last_edited=&#8221;on|phone&#8221; header_font_size_tablet=&#8221;50px&#8221; header_font_size_phone=&#8221;32px&#8221; header_font_size_last_edited=&#8221;on|phone&#8221; text_text_shadow_style=&#8221;preset1&#8243; global_colors_info=&#8221;{}&#8221;]@ET-DC@eyJkeW5hbWljIjp0cnVlLCJjb250ZW50IjoicG9zdF90aXRsZSIsInNldHRpbmdzIjp7ImJlZm9yZSI6IiIsImFmdGVyIjoiIn19@[\/et_pb_text][\/et_pb_column][\/et_pb_row][\/et_pb_section][et_pb_section fb_built=&#8221;1&#8243; _builder_version=&#8221;4.16&#8243; custom_padding=&#8221;0px|||||&#8221; global_colors_info=&#8221;{}&#8221;][et_pb_row column_structure=&#8221;2_3,1_3&#8243; _builder_version=&#8221;4.25.1&#8243; _module_preset=&#8221;default&#8221; global_colors_info=&#8221;{}&#8221; theme_builder_area=&#8221;post_content&#8221;][et_pb_column type=&#8221;2_3&#8243; _builder_version=&#8221;4.25.1&#8243; _module_preset=&#8221;default&#8221; global_colors_info=&#8221;{}&#8221; theme_builder_area=&#8221;post_content&#8221;][et_pb_accordion open_toggle_text_color=&#8221;#000000&#8243; _builder_version=&#8221;4.25.1&#8243; _module_preset=&#8221;default&#8221; toggle_text_color=&#8221;#000000&#8243; toggle_font=&#8221;|700|||||||&#8221; toggle_font_size=&#8221;20px&#8221; hover_enabled=&#8221;0&#8243; global_colors_info=&#8221;{}&#8221; theme_builder_area=&#8221;post_content&#8221; sticky_enabled=&#8221;0&#8243;][et_pb_accordion_item title=&#8221;Introduction&#8221; open=&#8221;on&#8221; _builder_version=&#8221;4.25.1&#8243; _module_preset=&#8221;default&#8221; hover_enabled=&#8221;0&#8243; global_colors_info=&#8221;{}&#8221; theme_builder_area=&#8221;post_content&#8221; sticky_enabled=&#8221;0&#8243;]<\/p>\n<p data-start=\"119\" data-end=\"223\">Our mission is to contribute to the harmonious coexistence of human society and the natural environment.<\/p>\n<p data-start=\"225\" data-end=\"427\">To achieve this, we educate professionals equipped with up-to-date knowledge of environmental systems and a deep understanding of the challenges associated with the sustainable use of natural resources.<\/p>\n<p data-start=\"429\" data-end=\"461\">Our graduates are prepared to:<\/p>\n<ul data-start=\"462\" data-end=\"692\">\n<li data-start=\"462\" data-end=\"519\">\n<p data-start=\"464\" data-end=\"519\">Assess the environmental impacts of human activities,<\/p>\n<\/li>\n<li data-start=\"520\" data-end=\"596\">\n<p data-start=\"522\" data-end=\"596\">Contribute to the mitigation and restoration of degraded ecosystems, and<\/p>\n<\/li>\n<li data-start=\"597\" data-end=\"692\">\n<p data-start=\"599\" data-end=\"692\">Manage the consequences of environmental disasters and societal pressures on the environment.<\/p>\n<\/li>\n<\/ul>\n<p data-start=\"694\" data-end=\"868\">They are capable of applying scientific, technical, and ethical approaches to support sustainable development and ecological resilience at local, regional, and global levels.<\/p>\n<p>[\/et_pb_accordion_item][et_pb_accordion_item title=&#8221;Our teachers&#8221; _builder_version=&#8221;4.25.1&#8243; _module_preset=&#8221;default&#8221; global_colors_info=&#8221;{}&#8221; theme_builder_area=&#8221;post_content&#8221; open=&#8221;off&#8221;][\/et_pb_accordion_item][et_pb_accordion_item title=&#8221;Research projects&#8221; _builder_version=&#8221;4.25.1&#8243; _module_preset=&#8221;default&#8221; hover_enabled=&#8221;0&#8243; global_colors_info=&#8221;{}&#8221; theme_builder_area=&#8221;post_content&#8221; open=&#8221;off&#8221; sticky_enabled=&#8221;0&#8243;]<\/p>\n<p style=\"text-align: center;\"><strong>OLTALOM CHARITY HOME (KTAK 136 &#8211; Environmental Certification and Condition Assessment) &#8211; Semester project &#8211;<br \/><\/strong><a href=\"https:\/\/wesley.hu\/wesley-college\/wp-content\/uploads\/2025\/01\/Absatu-K.-J.-OLTALOM-CHARITY-HOME.pdf\" rel=\"attachment wp-att-5830\">Absatu K. J. &#8211; OLTALOM CHARITY HOME<\/a><strong><br \/><\/strong><\/p>\n<p style=\"text-align: center;\"><strong>&#8220;Preliminary Study on the Ecological Status of Riparian Zones along Running Waters in a Central European Urban Area (Budapest, Hungary)&#8221; &#8211; INTERNATIONAL STUDENT CONFERENCE, &#8220;Young People and Multidisciplinary Research in Applied Science,<br \/>16-17 November 2023, Timi\u0219oara, Romania<br \/><\/strong><a href=\"https:\/\/wesley.hu\/wesley-college\/wp-content\/uploads\/2024\/03\/IAROVOI-S.-JAVAID-U.-HALMAI-O.-et-al.-Preliminary-Study-on-the-Ecological-Status-of-Riparian-Zones-of-Running-Waters-in-a-Central-European-Urban-Area.pdf\">Sergei IAROVOI, Urwa JAVAID, Orsolya HALMAI, Liliana T\u00d6R\u00d6K, Zsolt T\u00d6R\u00d6K<\/a><\/p>\n<p style=\"text-align: center;\"><strong>&#8220;Conflicts generated by the exploitation of resources&#8221; &#8211; Students&#8217; Round Table, 2023<br \/><\/strong><a href=\"https:\/\/wesley.hu\/wesley-college\/wp-content\/uploads\/2023\/11\/Round-Table_2023_Conflicts-generated-by-the-exploitation-of-resources.pdf\">Korawee Khamjunghan<\/a><strong><br \/><\/strong><\/p>\n<p style=\"text-align: center;\"><strong>Environmental Basics<br \/><\/strong><a href=\"https:\/\/wesley.hu\/wesley-college\/wp-content\/uploads\/2023\/10\/Environmental-Basics_The-wonders-of-the-Blue-Cave.pdf\">Sofija Zivulovic: The wonders of the Blue Cave<\/a><\/p>\n<p style=\"text-align: center;\"><strong>&#8220;Green Technology&#8221; &#8211; Students&#8217; Round Table, 2023<br \/><\/strong><a href=\"https:\/\/wesley.hu\/wesley-college\/wp-content\/uploads\/2023\/05\/Green-Technology-presentation-edited.pdf\">Maduagwu Ifeanyi Damian<\/a><strong><br \/><\/strong><\/p>\n<p style=\"text-align: center;\"><strong>&#8220;How land uses affect natural ecosystems?&#8221; &#8211; Students&#8217; Round Table, 2022<\/strong><br \/><a href=\"https:\/\/wesley.hu\/wesley-college\/wp-content\/uploads\/2022\/12\/Irfan-Zulhilmi-._Habitat-Fragmentation.pdf\" rel=\"attachment wp-att-5055\">Irfan Zulhilmi: Habitat Fragmentation<\/a><br \/><a href=\"https:\/\/wesley.hu\/wesley-college\/wp-content\/uploads\/2022\/12\/How-Land-Uses-Affect-Natural-Ecosystems-_Boateng-Benjamin-Kwadwo.pdf\" rel=\"attachment wp-att-5054\">Boateng Benjamin Kwadwo: <\/a><a href=\"https:\/\/wesley.hu\/wesley-college\/wp-content\/uploads\/2022\/12\/How-Land-Uses-Affect-Natural-Ecosystems-_Boateng-Benjamin-Kwadwo.pdf\" rel=\"attachment wp-att-5054\">How Land Uses Affect Natural Ecosystems?<\/a><\/p>\n<p style=\"text-align: center;\"><strong>Environmental Condition and Certification Assessment course, 2022<\/strong><br \/><a href=\"https:\/\/wesley.hu\/wesley-college\/wp-content\/uploads\/2022\/12\/Berko-E.O.-Mattos-de-Araujo-Sant-Anna-B._Specifics-of-college-dormitory-lifes-quality.pdf\">Berko Emmanuel Ofori &#8211; Mattos de Araujo Sant Anna Beatriz: Specifics of College Dormitory Life&#8217;s Quality<\/a><\/p>\n<p style=\"text-align: center;\"><strong>Water Protection and Water Management course, 2022<\/strong><br \/><a href=\"https:\/\/wesley.hu\/wesley-college\/wp-content\/uploads\/2022\/12\/Ribeiro-S.-E.-Boateng-B.-K.-Awuni-A.-WATER-SERVEY-PROJECT.pdf\">Ribeiro Silva Ezequiel &#8211; Boateng Benjamin Kwadwo &#8211; Awuni Audrey: What could be the biggest water problem in the coming years?<\/a><\/p>\n<p style=\"text-align: center;\"><strong>Environmental Microbiology course, 2022<\/strong><br \/><a href=\"https:\/\/wesley.hu\/wesley-college\/wp-content\/uploads\/2022\/12\/NEWS_Environmental-Microbiology.pdf\">Environmental Microbiology News<\/a><\/p>\n<div class='et-box et-bio'>\n\t\t\t\t\t<div class='et-box-content'>\u00a0<strong>Past event<\/strong><\/div><\/div>\n<p style=\"text-align: center;\"><span style=\"font-family: ABeeZee; font-weight: normal;\">Dr. habil. Zsuzsanna Plank presented her research results at an international seminar.<\/span><\/p>\n<p style=\"text-align: center;\"><span style=\"color: #289619; font-family: ABeeZee; font-weight: normal; font-size: large;\"><strong>Subject: Environmental monitoring<\/strong><\/span><\/p>\n<p style=\"text-align: center;\"><a href=\"https:\/\/www.facebook.com\/CIDETEQSC\/videos\/153994690128258\"><img loading=\"lazy\" decoding=\"async\" class=\"aligncenter wp-image-40616\" src=\"https:\/\/wesley.hu\/purgoadr\/2021\/05\/Webinars-on-Environmental-Monitoring-Banner-1024x576.png\" alt=\"\" width=\"830\" height=\"467\" \/><\/a><span style=\"font-family: ABeeZee; font-weight: normal;\"><em>(click on the image to access the full video)<\/em><\/span><\/p>\n<div><span style=\"font-family: ABeeZee; font-weight: normal;\"><span style=\"color: #000000;\">\u00a0<\/span><\/span><\/div>\n<div style=\"text-align: center;\"><span style=\"font-family: ABeeZee; font-weight: normal;\">\u00a0******<\/span><\/div>\n<div>\u00a0<\/div>\n<div style=\"text-align: center;\"><span style=\"font-family: ABeeZee; font-weight: normal;\">Dr. habil. Zsuzsanna Plank presented at the annual European Association of Geoscientists and Engineers (EAGE) conference.<\/span><\/div>\n<div style=\"text-align: center;\">\n<pre class=\"tw-data-text tw-text-large XcVN5d tw-ta\" dir=\"ltr\" data-placeholder=\"Ford\u00edt\u00e1s\"><span style=\"font-size: large;\"><strong><span style=\"font-family: ABeeZee;\"><span class=\"Y2IQFc\" lang=\"en\" style=\"color: #289619;\">Subject: Determining the environmental impact of geophysical measurements<\/span>\u00a0<\/span><\/strong><\/span><\/pre>\n<p><span style=\"font-family: ABeeZee; font-weight: normal;\">Title of the presentation: <strong><em>Quantification method of environmental impact of geophysical field operations<\/em><\/strong><\/span><\/p>\n<p><span style=\"font-family: ABeeZee; font-weight: normal;\">Link of conference: <a href=\"https:\/\/eage.eventsair.com\/annual-conference-online\/\" data-saferedirecturl=\"https:\/\/www.google.com\/url?q=https:\/\/eage.eventsair.com\/annual-conference-online\/&amp;source=gmail&amp;ust=1620990778446000&amp;usg=AFQjCNHdiwSLFoLcq0YyEkP6ockl4p5hgQ\">https:\/\/eage.eventsair.com\/annual-conference-online\/<\/a><\/span><\/p>\n<p><span style=\"font-family: ABeeZee; font-weight: normal;\">Link of presentation: <a href=\"https:\/\/www.youtube.com\/watch?v=xOr6AhgQi6w\" data-saferedirecturl=\"https:\/\/www.google.com\/url?q=https:\/\/www.youtube.com\/watch?v%3DxOr6AhgQi6w&amp;source=gmail&amp;ust=1620990778446000&amp;usg=AFQjCNFI65KT3wEENJxPuqkVFSpHhwvy7g\">EAGE2020 &#8211; YouTube<\/a><\/span><\/p>\n<\/div>\n<div style=\"text-align: center;\">\n<p>&nbsp;<\/p>\n<\/div>\n<p>[\/et_pb_accordion_item][\/et_pb_accordion][\/et_pb_column][et_pb_column type=&#8221;1_3&#8243; _builder_version=&#8221;4.25.1&#8243; _module_preset=&#8221;default&#8221; global_colors_info=&#8221;{}&#8221; theme_builder_area=&#8221;post_content&#8221;][et_pb_toggle title=&#8221;INFORMATION&#8221; open=&#8221;on&#8221; open_toggle_text_color=&#8221;#000000&#8243; _builder_version=&#8221;4.25.1&#8243; _module_preset=&#8221;default&#8221; title_text_color=&#8221;#000000&#8243; title_font=&#8221;|700|||||||&#8221; body_text_color=&#8221;#000000&#8243; background_color=&#8221;#f2f2f2&#8243; width=&#8221;100%&#8221; hover_enabled=&#8221;0&#8243; global_colors_info=&#8221;{}&#8221; theme_builder_area=&#8221;post_content&#8221; sticky_enabled=&#8221;0&#8243;]<\/p>\n<p data-start=\"38\" data-end=\"77\"><strong>HEAD OF DEPARTMENT<br \/><\/strong>prof. Istv\u00e1n Bukovics<br \/>Email: <a href=\"mailto:bukovicsistvan@wjlf.hu\">bukovicsistvan@wjlf.hu<\/a><\/p>\n<p data-start=\"38\" data-end=\"77\"><img loading=\"lazy\" decoding=\"async\" class=\"alignnone wp-image-5574 size-thumbnail\" src=\"https:\/\/wesley.hu\/wesley-college\/wp-content\/uploads\/2023\/11\/bukovics-istvan-150x150.jpg\" alt=\"\" width=\"150\" height=\"150\" \/><\/p>\n<p data-start=\"38\" data-end=\"77\"><strong>OUR PROGRAMMES<br \/><\/strong><a href=\"https:\/\/wesley.hu\/wesley-college\/programmes\/preparatory-course\/\">Preparatory programme<\/a><br \/><a href=\"https:\/\/wesley.hu\/wesley-college\/programmes\/environmental-science-bsc\/\">Environmental Studies BSc<\/a><br \/><a href=\"https:\/\/wesley.hu\/wesley-college\/programmes\/postgraduate-programs\/programme-description\/\">Environmental Science and Security Management post-grad<\/a><\/p>\n<p data-start=\"38\" data-end=\"77\"><strong data-start=\"38\" data-end=\"65\">LANGUAGE OF PROGRAMME<\/strong><br data-start=\"65\" data-end=\"68\" \/>English, Hungarian<\/p>\n<p data-start=\"118\" data-end=\"152\"><strong data-start=\"118\" data-end=\"141\">LOCATION OF STUDIES<\/strong><br data-start=\"141\" data-end=\"144\" \/>Budapest<\/p>\n<p><strong>TUITION FEE<\/strong><\/p>\n<ul>\n<li>Preparatory: 2000 EUR \/ semester<\/li>\n<li>Environmental Studies: 2500 EUR \/ semester<\/li>\n<li>Environmental Science and Security Management: 2000 EUR \/ semester<\/li>\n<\/ul>\n<p data-start=\"353\" data-end=\"385\" data-is-last-node=\"\" data-is-only-node=\"\"><strong data-start=\"353\" data-end=\"372\">APPLICATION FEE<\/strong><br data-start=\"372\" data-end=\"375\" \/>150 EUR<\/p>\n<p>[\/et_pb_toggle][et_pb_cta title=&#8221;Our websites&#8221; button_text=&#8221;Click Here&#8221; _builder_version=&#8221;4.25.1&#8243; _module_preset=&#8221;default&#8221; hover_enabled=&#8221;0&#8243; global_colors_info=&#8221;{}&#8221; theme_builder_area=&#8221;post_content&#8221; sticky_enabled=&#8221;0&#8243;]<\/p>\n<p><a href=\"https:\/\/www.facebook.com\/wjlfkornyezettan\/\"><img loading=\"lazy\" decoding=\"async\" class=\"alignnone wp-image-3799\" src=\"https:\/\/wesley.hu\/wesley-college\/wp-content\/uploads\/2021\/05\/faceb-150x150.jpg\" alt=\"\" width=\"100\" height=\"100\" \/><\/a><\/p>\n<p><a href=\"https:\/\/www.instagram.com\/wjlfkornyezettan\/\" target=\"_blank\" rel=\"https:\/\/www.facebook.com\/wjlfkornyezettan noopener noreferrer\"><img loading=\"lazy\" decoding=\"async\" class=\"alignnone wp-image-5679\" src=\"https:\/\/wesley.hu\/wesley-college\/wp-content\/uploads\/2024\/08\/insta.jpg\" alt=\"\" width=\"100\" height=\"100\" srcset=\"https:\/\/wesley.hu\/wesley-college\/wp-content\/uploads\/2024\/08\/insta.jpg 225w, https:\/\/wesley.hu\/wesley-college\/wp-content\/uploads\/2024\/08\/insta-150x150.jpg 150w\" sizes=\"(max-width: 100px) 100vw, 100px\" \/><\/a><\/p>\n<p>[\/et_pb_cta][\/et_pb_column][\/et_pb_row][\/et_pb_section]<\/p>\n","protected":false},"excerpt":{"rendered":"<p>Our mission is to contribute to the harmonious coexistence of human society and the natural environment. To achieve this, we educate professionals equipped with up-to-date knowledge of environmental systems and a deep understanding of the challenges associated with the sustainable use of natural resources. Our graduates are prepared to: Assess the environmental impacts of human [&hellip;]<\/p>\n","protected":false},"author":1,"featured_media":0,"parent":40,"menu_order":0,"comment_status":"closed","ping_status":"closed","template":"","meta":{"_seopress_robots_primary_cat":"","_seopress_titles_title":"","_seopress_titles_desc":"","_seopress_robots_index":"","_et_pb_use_builder":"on","_et_pb_old_content":"","_et_gb_content_width":"","footnotes":""},"class_list":["post-130","page","type-page","status-publish","hentry"],"_links":{"self":[{"href":"https:\/\/wesley.hu\/wesley-college\/wp-json\/wp\/v2\/pages\/130","targetHints":{"allow":["GET"]}}],"collection":[{"href":"https:\/\/wesley.hu\/wesley-college\/wp-json\/wp\/v2\/pages"}],"about":[{"href":"https:\/\/wesley.hu\/wesley-college\/wp-json\/wp\/v2\/types\/page"}],"author":[{"embeddable":true,"href":"https:\/\/wesley.hu\/wesley-college\/wp-json\/wp\/v2\/users\/1"}],"replies":[{"embeddable":true,"href":"https:\/\/wesley.hu\/wesley-college\/wp-json\/wp\/v2\/comments?post=130"}],"version-history":[{"count":4,"href":"https:\/\/wesley.hu\/wesley-college\/wp-json\/wp\/v2\/pages\/130\/revisions"}],"predecessor-version":[{"id":6030,"href":"https:\/\/wesley.hu\/wesley-college\/wp-json\/wp\/v2\/pages\/130\/revisions\/6030"}],"up":[{"embeddable":true,"href":"https:\/\/wesley.hu\/wesley-college\/wp-json\/wp\/v2\/pages\/40"}],"wp:attachment":[{"href":"https:\/\/wesley.hu\/wesley-college\/wp-json\/wp\/v2\/media?parent=130"}],"curies":[{"name":"wp","href":"https:\/\/api.w.org\/{rel}","templated":true}]}}